d a.
1
Let a(j) be the second derivative of -13*j**3/2 + 3*j**2/2 + 13*j. Let r be a(-3). Let s = 11 - -29. Calculate the highest common divisor of s and r.
40
Let z be 6/63 + (-2251678)/(-273). Calculate the highest common factor of z and 16.
8
Let j(k) = 25*k - 274. Let t be j(13). Suppose -11*y = -t*y + 9200. What is the highest common divisor of 50 and y?
10
Let q(u) = 3*u**3 - 185*u**2 - 51*u - 412. Let z be q(62). What is the greatest common divisor of 690 and z?
30
Let s be (3/(5 + 1))/(38/671536). Calculate the greatest common divisor of 376 and s.
188
Let o be 122/12 - (-10)/(-540)*9. Let v be 71 - (o/(-65) - 22/26). Calculate the greatest common factor of 27 and v.
9
Let u = 6677 + -6567. What is the greatest common factor of 1441 and u?
11
Let b(h) = h**3 - 10*h + 2 - 12 + 669*h**2 - 674*h**2. Let g be b(7). Calculate the greatest common factor of g and 306.
18
Let u be -4 - -299 - 8/2. Let a = u - 263. Calculate the greatest common factor of a and 7.
7
Let b(l) = 4*l**2 + 3*l + 1. Let v be b(-2). Let i = -75 + 130. Suppose 8*o = -i + 1023. What is the highest common factor of o and v?
11
Let p be (2070/483)/(3/49). Calculate the greatest common factor of 270 and p.
10
Let x(y) = -74*y + 838. Let b be x(10). What is the greatest common factor of 574 and b?
14
Let o = -276 - -76. Let k = 209 + o. Calculate the greatest common divisor of 171 and k.
9
Let k(q) = 232*q**2 - 281*q - 823. Let r be k(-3). Calculate the highest common divisor of 238 and r.
34
Suppose 4*w + 5*x = 90, 10*w = 7*w + x + 96. Let h(d) = 14*d - 2. Let g be h(-6). Let o = 161 + g. What is the highest common factor of w and o?
15
Suppose -4*z + 3*u + 172 = 0, -86*z + 96 = -84*z + u. Suppose 0 = 3*r - z - 50. Calculate the greatest common factor of 80 and r.
16
Suppose 3 = -l + 9. Let q be 34/(-51) - (-106)/l. Calculate the greatest common factor of q and 663.
17
Let g be 3 - ((-360)/(-5) - 5). Let s be (2/(-24)*87)/(2/g). Calculate the greatest common divisor of 29 and s.
29
Suppose -6*x + 7*x - 25 = 0. Let b(h) = -10*h**2 + 2*h - 2. Let s be b(1). Let c = s + x. Calculate the greatest common divisor of c and 10.
5
Let h be 5049/132*(-5)/(10/(-8)). What is the highest common factor of 108 and h?
9
Let o be 20 + (26 + 13 - 21). What is the greatest common factor of o and 3439?
19
Suppose -3*w - 6*w - 198 = 0. Let l = w - -37. Let q(p) = 9*p**2 - 46*p - 14. Let x be q(7). What is the highest common divisor of x and l?
15
Let c(r) = 52 + 3*r + 11*r - 12*r. Let u be c(-21). Let v be 12/2*(-8 + u). Calculate the greatest common factor of v and 4.
4
Suppose 3969 - 4239 = -30*p. What is the greatest common factor of 288 and p?
9
Let m = -5288 + 18249. What is the greatest common divisor of m and 13?
13
Suppose 16*v - 34 = 14. Suppose -v*x + y = -49, 1 + 4 = y. Let w(c) = 2*c + 6. Let j be w(6). Calculate the greatest common factor of x and j.
18
Let h be (-518270)/(-90) - (-44)/99. Calculate the greatest common divisor of h and 13.
13
Let n be (123 - -1)*(-848)/(-53). Calculate the greatest common divisor of n and 465.
31
Suppose 19*d + 56 = 341. What is the greatest common factor of 160 and d?
5
Let h be (7/6)/(((-32)/8)/(-72)). Let q be (-3)/(-1) - 324/(-4). Calculate the highest common divisor of q and h.
21
Let x = 74 - 66. Suppose m = q + 2*q + 40, -2*q = x. Calculate the greatest common divisor of 21 and m.
7
Suppose 3*m + 3*s = 33, -4*s = -m - 0*s - 4. Suppose 22 = -m*u + 326. Let h = -14 + u. What is the greatest common divisor of h and 6?
6
Let h be (-630)/(-147)*14/3. Suppose 0 = v + 4*v - 40. Calculate the greatest common factor of h and v.
4
Let p = -110 - -184. Suppose 61*d - 91*d = -12210. What is the highest common divisor of d and p?
37
Suppose 23*z = 19*z - 8, 0 = -5*k - 3*z + 349. Suppose k*x - 81*x + 400 = 0. Calculate the highest common divisor of x and 8.
8
Let j(k) = -20*k - 227. Let g be j(-11). Let t be 4/g + 9552/56. What is the highest common factor of 10 and t?
10
Suppose 953*j - 960*j = -56. Let u be (67/5 + -3)*5. What is the greatest common divisor of j and u?
4
Let n = -766 - -811. Suppose 44*m + 32 = n*m + 2*q, 5*m - 172 = -4*q. Calculate the greatest common factor of 12 and m.
12
Let f = -963 - -964. Calculate the greatest common divisor of f and 752.
1
Let o(f) = -5*f - 104. Let l(n) = -5*n - 105. Let q(i) = 4*l(i) - 3*o(i). Let c be q(-22). Calculate the highest common divisor of 9 and c.
1
Suppose 6*a + 2*h = 514, 171 = 2*a + 2*h + 9. What is the greatest common factor of a and 440?
88
Let o(u) = u**3 - 5*u**2 + 2*u - 6. Let s be o(3). Let f = s - -42. Suppose 3*i + f = 6*i. What is the highest common factor of 20 and i?
4
Let d = 2739 - 2738. Calculate the highest common factor of d and 7.
1
Let m = -422 + 13456. Calculate the greatest common divisor of m and 14.
14
Let l be ((-16)/(-10))/((11 + (-17148)/1560)/1). What is the highest common factor of l and 24?
8
Suppose -3*i = -0*i - 483. Suppose 41 = 2*w - h, w - 18 = -0*w + h. Calculate the highest common divisor of i and w.
23
Let g = -17226 - -25975. What is the highest common factor of 39 and g?
13
Suppose -54*b = -58*b + 28. Suppose -5*f = -b*m + 2*m - 235, 0 = 5*m - 2*f + 226. Let i be m/33 - (-28)/3. Calculate the greatest common factor of i and 40.
8
Let x = 213 - 132. Calculate the highest common divisor of 702 and x.
27
Let y be (30/(-80)*6)/((-6)/208). What is the highest common factor of 42 and y?
6
Suppose -6*x + 2*b + 12745 = 1233, -5736 = -3*x - 3*b. What is the highest common factor of x and 261?
9
Let m be 5 + 966/(-72)*-51 + (-3)/(-4). What is the highest common factor of m and 30?
30
Suppose 36108 = 21*i - 15048. Calculate the highest common divisor of 232 and i.
116
Suppose -3*y - 6 = s, s - 13 = 2*y - 4. Suppose p - 4*c = 13, -18 = 3*p + s*c - 57. Suppose -4*f + 69 = 17. Calculate the greatest common factor of p and f.
13
Let p = -67 + 106. Suppose 11*z = 1374 + 199. Calculate the greatest common divisor of p and z.
13
Suppose 60*a - 59*a - 1449 = 4*z, 0 = 3*a + 3*z - 4422. Calculate the greatest common divisor of 247 and a.
13
Let a(m) = m**2 + 78*m - 495. Let s be a(-93). What is the highest common factor of s and 1100?
100
Let o = -4 + 3. Suppose -5*f = 3*k + 22, -5*f = -5*k - 4*f - 18. Let q be 4/(o*(2 + k) - 1). What is the highest common factor of q and 4?
4
Let y(q) = q**2 + 30*q - 304. Let r be y(12). Calculate the greatest common divisor of r and 450.
50
Suppose -4*p + 35 + 5 = 0. Suppose -5*y + 4*m + 14 = 0, -10*m + 6*m = -3*y + p. Calculate the greatest common divisor of y and 9.
1
Suppose -4*b + 34254 + 50 = 4*v, 0 = 5*b - 5*v - 42810. What is the highest common divisor of b and 627?
209
Suppose 10*z = 1604 + 1136. Let i = z + 695. What is the highest common divisor of 51 and i?
51
Suppose 664 = -6*u - 14. Let v = 385 + u. Calculate the greatest common factor of v and 32.
16
Let x = -277 - -297. Let n = 12 - 9. Suppose 5*b + 2*r = 252, -n*b + 3*r = -127 - 20. What is the greatest common factor of x and b?
10
Let u = -17 - -47. Let g be (2517/(-15))/(21/(-105)). Let n = g - 764. Calculate the highest common factor of u and n.
15
Let a be (-6)/(-15) - (-2828)/505. Calculate the greatest common factor of a and 143.
1
Let q(m) be the first derivative of 2/3*m**3 + 11 + 20*m + 15/2*m**2. Let r be q(-15). What is the greatest common divisor of 35 and r?
35
Let m be -9 + 9/(27/24). Let y be (92/(-69))/(m/432). Calculate the highest common divisor of y and 9.
9
Suppose 455*z - 21140 = 427*z. Calculate the highest common factor of 5 and z.
5
Let l = -268 + 355. Suppose -2 = 4*z + p + 12, 0 = -5*z - 5*p - 10. Let k be -1 + (l - (-4 - z)) + -2. Calculate the greatest common divisor of 63 and k.
21
Suppose 0 = 3*t - 9 + 228. Let r = -39 - t. Let o be (-34)/16*-4*28. What is the greatest common divisor of r and o?
34
Suppose -78 = 54*z - 294. Calculate the greatest common divisor of z and 1252.
4
Let z(b) = 291*b - 114. Let g be z(1). What is the greatest common divisor of g and 649?
59
Let v(c) = c**3 + 12*c**2 + 18*c - 18. Let z be v(-10). Let j be (-8)/z*(-38 - -24). What is the greatest common factor of 7 and j?
7
Let h(r) = -r**2 - 104*r - 1785. Let i be h(-24). Calculate the highest common divisor of 10 and i.
5
Suppose 31023 + 63606 = 19*g - 15723. Calcu